{"id":171,"date":"2023-10-23T12:00:04","date_gmt":"2023-10-23T10:00:04","guid":{"rendered":"https:\/\/cirppa.fr\/?page_id=171"},"modified":"2025-11-14T22:18:26","modified_gmt":"2025-11-14T21:18:26","slug":"mediations-et-groupes-therapeutiques","status":"publish","type":"page","link":"https:\/\/cirppa.org\/index.php\/mediations-et-groupes-therapeutiques\/","title":{"rendered":"M\u00e9diations et groupes th\u00e9rapeutiques"},"content":{"rendered":"<p>[et_pb_section fb_built=\u00a0\u00bb1&Prime; _builder_version=\u00a0\u00bb4.24.0&Prime; _module_preset=\u00a0\u00bbdefault\u00a0\u00bb custom_padding=\u00a0\u00bb12px|||||\u00a0\u00bb global_colors_info=\u00a0\u00bb{}\u00a0\u00bb][et_pb_row column_structure=\u00a0\u00bb1_4,1_2,1_4&Prime; _builder_version=\u00a0\u00bb4.24.0&Prime; _module_preset=\u00a0\u00bbdefault\u00a0\u00bb global_colors_info=\u00a0\u00bb{}\u00a0\u00bb][et_pb_column type=\u00a0\u00bb1_4&Prime; _builder_version=\u00a0\u00bb4.23&Prime; _module_preset=\u00a0\u00bbdefault\u00a0\u00bb global_colors_info=\u00a0\u00bb{}\u00a0\u00bb][et_pb_divider show_divider=\u00a0\u00bboff\u00a0\u00bb _builder_version=\u00a0\u00bb4.23&Prime; _module_preset=\u00a0\u00bbdefault\u00a0\u00bb global_colors_info=\u00a0\u00bb{}\u00a0\u00bb][\/et_pb_divider][et_pb_text _builder_version=\u00a0\u00bb4.23&Prime; _module_preset=\u00a0\u00bbdefault\u00a0\u00bb global_colors_info=\u00a0\u00bb{}\u00a0\u00bb]<\/p>\n<div class=\"moduletable\">\n<h3><span class=\"backh\"><span class=\"backh2\"><span class=\"backh3\">Interventions en Institution<\/span><\/span><\/span><\/h3>\n<ul class=\"menu\">\n<li class=\"item-565\"><a href=\"https:\/\/cirppa.org\/index.php\/stage-initiation-a-lanimation-de-groupes-therapeutiques-denfants\/\">Initiation \u00e0 l&rsquo;animation de groupes th\u00e9rapeutiques d&rsquo;enfants<\/a><\/li>\n<li class=\"item-478\"><a href=\"https:\/\/cirppa.org\/index.php\/stage-le-travail-therapeutique-en-groupe-replace-dans-son-contexte-institutionnel\/\">Le travail th\u00e9rapeutique en groupe replac\u00e9 dans son contexte institutionnel<\/a><\/li>\n<li class=\"item-482\"><a href=\"https:\/\/cirppa.org\/index.php\/stage-reflexion-sur-les-phenomenes-institutionnels\/\">R\u00e9flexion sur les ph\u00e9nom\u00e8nes institutionnels<\/a><\/li>\n<\/ul>\n<\/div>\n<div class=\"moduletable\">\n<h3><span class=\"backh\"><span class=\"backh2\"><span class=\"backh3\">Stages personnels<\/span><\/span><\/span><\/h3>\n<ul class=\"menu\">\n<li class=\"item-476\"><a href=\"https:\/\/cirppa.org\/index.php\/action-therapeutique-groupe\/\">L&rsquo;action th\u00e9rapeutique en groupe<\/a><\/li>\n<li class=\"item-475\"><a href=\"https:\/\/cirppa.org\/index.php\/psychodrame-enfant\/\">Psychoth\u00e9rapies de groupes et psychodrames d&rsquo;enfants<\/a><\/li>\n<li class=\"item-483\"><a href=\"https:\/\/cirppa.org\/index.php\/stage-psychotherapies-de-groupe-a-ladolescence\/\">Psychoth\u00e9rapies de groupe \u00e0 l&rsquo;adolescence<\/a><\/li>\n<li class=\"item-484\"><a href=\"https:\/\/cirppa.org\/index.php\/stage-groupe-et-troubles-du-comportement\/\">Groupe et troubles du comportement<\/a><\/li>\n<li class=\"item-485\"><a href=\"https:\/\/cirppa.org\/index.php\/mediations-et-groupes-therapeutiques\/\">M\u00e9diations et groupes th\u00e9rapeutiques<\/a><\/li>\n<li class=\"item-488\"><a href=\"https:\/\/cirppa.org\/index.php\/psychodrame-et-travail-sur-la-dynamique-groupale\/\">Psychodrame et travail sur la dynamique groupale<\/a><\/li>\n<li class=\"item-489\"><a href=\"https:\/\/cirppa.org\/index.php\/groupe-et-autisme\/\">Groupe et autisme<\/a><\/li>\n<li class=\"item-474\"><a href=\"https:\/\/cirppa.org\/index.php\/sensibilisation-personnelle-a-la-dynamique-des-groupes\/\">Sensibilisation personnelle \u00e0 la dynamique des groupes<\/a><\/li>\n<li><a href=\"https:\/\/cirppa.org\/index.php\/sensibilisation-au-psychodrame\/\">Sensibilisation au psychodrame<\/a><\/li>\n<\/ul>\n<\/div>\n<p>[\/et_pb_text][\/et_pb_column][et_pb_column type=\u00a0\u00bb1_2&Prime; _builder_version=\u00a0\u00bb4.23&Prime; _module_preset=\u00a0\u00bbdefault\u00a0\u00bb global_colors_info=\u00a0\u00bb{}\u00a0\u00bb][et_pb_text _builder_version=\u00a0\u00bb4.23&Prime; _module_preset=\u00a0\u00bbdefault\u00a0\u00bb text_orientation=\u00a0\u00bbjustified\u00a0\u00bb global_colors_info=\u00a0\u00bb{}\u00a0\u00bb]<\/p>\n<h2 style=\"text-align: center;\">Stage &#8211; M\u00e9diations et groupes th\u00e9rapeutiques<\/h2>\n<p><strong><span>PUBLIC CONCERNE :<\/span><\/strong><\/p>\n<p><span>Cette formation est ouverte aux m\u00e9decins, psychiatres, psychologues, \u00e9ducateurs, infirmiers, orthophonistes, psychomotriciens travaillant ou souhaitant travailler avec des groupes en h\u00f4pitaux de jour, CATTP, USIS, CMP, CMPP, IMP et autres structures du secteur p\u00e9dopsychiatrique et associatif.<\/span><span><\/span><\/p>\n<p><strong><span>PRE REQUIS<\/span><\/strong><\/p>\n<p><span>Ces personnes ont satisfait aux obligations de dipl\u00f4mes exig\u00e9s pour occuper leur poste et poss\u00e8dent donc les connaissances li\u00e9es \u00e0 leur formation initiale.<\/span><\/p>\n<p><strong><span><\/span><\/strong><\/p>\n<p><strong><span>FINALITE ET OBJECTIFS<\/span><\/strong><strong><span><\/span><\/strong><\/p>\n<p><span>Elle a pour objectif d\u2019amener les stagiaires \u00e0 \u00e9laborer de nouveaux cadres dispositifs pour les groupes psychoth\u00e9rapeutiques d\u2019enfants mis ou \u00e0 mettre en place dans leurs institutions.<\/span><\/p>\n<p><span>Il s\u2019agit d\u2019un perfectionnement de comp\u00e9tences professionnelles en vue de parfaire la qualification et d\u2019assurer des responsabilit\u00e9s accrues (dans le domaine des prises en charge des enfants en groupes) alliant n\u00e9cessairement savoir et savoir-faire th\u00e9rapeutique.<\/span><\/p>\n<p><strong><span>CONTENU PEDAGOGIQUE<\/span><\/strong><\/p>\n<p><span>Dans l&rsquo;approche th\u00e9rapeutique avec les enfants et les adolescents, l&rsquo;utilisation de m\u00e9diations s&rsquo;adresse pr\u00e9f\u00e9rentiellement \u00e0 ceux qui rencontrent une limitation non seulement pour verbaliser mais aussi pour entrer en contact avec leur monde int\u00e9rieur. Dans ces cas-l\u00e0, l&rsquo;introduction d&rsquo;une activit\u00e9 de jeu ou de cr\u00e9ation (p\u00e2te \u00e0 modeler, dessin, marionnettes, contes&#8230;) vise essentiellement \u00e0 suppl\u00e9er les associations verbales manquantes.<\/span><\/p>\n<p><span>Propos\u00e9es dans le cadre de s\u00e9ances en groupe, ces m\u00e9diations viendront constituer le terrain de la rencontre et du dialogue entre participants et th\u00e9rapeute(s).<\/span><\/p>\n<p><span>Quelle<\/span><span>\u00a0<\/span><span>fonction remplit cette dimension de groupe ? Quelle place donner aux m\u00e9diations au regard d&rsquo;un processus groupal sp\u00e9cifique ?<\/span><\/p>\n<p><span>A quel niveau en situer le ressort th\u00e9rapeutique ?<\/span><\/p>\n<p><span>Autant de questions qui m\u00e9ritent d&rsquo;\u00eatre pos\u00e9es comme un probl\u00e8me, engageant des choix th\u00e9oriques et par cons\u00e9quent un choix de pratique clinique qui soit th\u00e9rapeutique.<\/span><\/p>\n<p><strong><span>METHODOLOGIE DE LA FORMATION<\/span><\/strong><\/p>\n<p><span>Deux journ\u00e9es de travail de 6 heures d\u2019expos\u00e9s th\u00e9oriques du formateur suivis des questionnements cliniques \u00e9ventuels des stagiaires \u00e0 partir des groupes fonctionnant d\u00e9j\u00e0 ou \u00e0 mettre en place dans leurs institutions.<\/span><\/p>\n<ul>\n<li><strong><span>PROGRAMME<\/span><\/strong><strong> Journ\u00e9e 1 :<\/strong><span><\/span><\/li>\n<\/ul>\n<ol>\n<li><span>La question de la m\u00e9diation\u00a0: la m\u00e9diation et la fonction m\u00e9diatrice. (1 h)<\/span><\/li>\n<li><span>Place et fonction de la m\u00e9diation dans le dispositif groupal\u00a0: Choix et investissement, pr\u00e9sentation, proposition. (1 h 30)<\/span><\/li>\n<li><span>M\u00e9diation et Psychoth\u00e9rapies de groupe. (1 h)<\/span><\/li>\n<li><span>Groupes \u00e0 m\u00e9diation ou\/et groupes th\u00e9rapeutiques m\u00e9diatis\u00e9s. (1 h 30)<\/span><\/li>\n<li><span>R\u00f4le du ou des th\u00e9rapeutes. (1 h)<\/span><\/li>\n<\/ol>\n<p><span><\/span><\/p>\n<ul>\n<li><strong><span>PROGRAMME Journ\u00e9e 2 :<\/span><\/strong><\/li>\n<\/ul>\n<p><span><\/span><\/p>\n<ol>\n<li><span>M\u00e9diation et psychopathologie des enfants\u00a0: la question de la r\u00e9gression, et des indications. (1 h 30)<\/span><\/li>\n<li><span>Dynamique Th\u00e9rapeutique entre le processus groupal et la m\u00e9diation choisie. (1 h)<\/span><\/li>\n<li><span>Modes d\u2019intervention du ou des th\u00e9rapeutes. (1 h 30)<\/span><\/li>\n<li><span>Parler de la m\u00e9diation aux parents. (1 h)<\/span><\/li>\n<li><span>Evaluation. (1 h)<\/span><\/li>\n<\/ol>\n<p>Tout au long des deux journ\u00e9es des \u00e9changes avec les stagiaires \u00e0 partir de leur clinique et des positions de leurs institutions, permettront d\u2019approfondir certains points.<\/p>\n<p><strong><span>SUIVI ET EVALUATION DE LA FORMATION<\/span><\/strong><\/p>\n<p><span>\u00a0<strong>Questionnaires \u00e0 remplir en d\u00e9but et fin de formation<\/strong><\/span><\/p>\n<p><span>Ces questionnaires <em>sont<\/em>\u00a0anonymes, distribu\u00e9s en d\u00e9but et fin de formation. Ils permettent une analyse et une compr\u00e9hension des attentes des stagiaires et de la fa\u00e7on dont ces attentes ont \u00e9t\u00e9 satisfaites par le stage.<\/span><\/p>\n<p><span>Le d\u00e9pouillement des questionnaires alimente un expos\u00e9 du formateur et les \u00e9changes argument\u00e9s.<\/span><\/p>\n<p><span><strong>Feuille d\u2019\u00e9margement sign\u00e9e<\/strong><\/span><span> \u00e0 chaque s\u00e9ance par les stagiaires et le formateur, donnant lieu \u00e0 des attestations de pr\u00e9sence individuelles.<\/span><\/p>\n<p><strong><span><\/span><\/strong><strong><span>FORMATEURS<\/span><\/strong><\/p>\n<p><span><strong>Didier Chaulet.<\/strong>\u00a0Psychomotricien, Psychoth\u00e9rapeute de groupe<\/span><\/p>\n<p><span><strong>Dominique Qu\u00e9lin- Souligoux<\/strong>. Psychologue clinicienne, Psychoth\u00e9rapeute individuelle et de groupe<\/span><\/p>\n<p><span><\/span><\/p>\n<p><span><\/span><\/p>\n<p><span><\/span><\/p>\n<p>[\/et_pb_text][\/et_pb_column][et_pb_column type=\u00a0\u00bb1_4&Prime; _builder_version=\u00a0\u00bb4.23&Prime; _module_preset=\u00a0\u00bbdefault\u00a0\u00bb global_colors_info=\u00a0\u00bb{}\u00a0\u00bb][et_pb_divider show_divider=\u00a0\u00bboff\u00a0\u00bb _builder_version=\u00a0\u00bb4.23&Prime; _module_preset=\u00a0\u00bbdefault\u00a0\u00bb global_colors_info=\u00a0\u00bb{}\u00a0\u00bb][\/et_pb_divider][et_pb_text _builder_version=\u00a0\u00bb4.24.0&Prime; _module_preset=\u00a0\u00bbdefault\u00a0\u00bb global_colors_info=\u00a0\u00bb{}\u00a0\u00bb]<\/p>\n<div id=\"all\">\n<div id=\"back\">\n<div id=\"contentarea\">\n<div id=\"wrapper2\">\n<div id=\"main\" role=\"main\">\n<div class=\"item-page\">\n<h3>Lieu, date et tarif<\/h3>\n<p><strong>Lieu<\/strong><span style=\"font-size: 14px; color: #666666;\"> : <span style=\"color: #333333;\">Paris<\/span>\u00a0<\/span><\/p>\n<p>12 heures sur deux jours<br \/>9h30-12h30 puis 14h-17h (repas libre)<\/p>\n<p><strong>Tarif<\/strong> : 650 \u20ac<\/p>\n<p><strong>Dates 2025<\/strong> : 26 et 27 septembre 2025<\/p>\n<p><strong>Dates 2026<\/strong>: 18 et 19 septembre 2026<\/p>\n<p>Pour vous inscrire, vous trouverez le bulletin d&rsquo;inscription en premi\u00e8re page de l&rsquo;institut de formation.<\/p>\n<\/div>\n<\/div>\n<\/div>\n<\/div>\n<\/div>\n<\/div>\n<p>[\/et_pb_text][\/et_pb_column][\/et_pb_row][\/et_pb_section]<\/p>\n","protected":false},"excerpt":{"rendered":"<p>Interventions en Institution Initiation \u00e0 l&rsquo;animation de groupes th\u00e9rapeutiques d&rsquo;enfants Le travail th\u00e9rapeutique en groupe replac\u00e9 dans son contexte institutionnel R\u00e9flexion sur les ph\u00e9nom\u00e8nes institutionnels Stages personnels L&rsquo;action th\u00e9rapeutique en groupe Psychoth\u00e9rapies de groupes et psychodrames d&rsquo;enfants Psychoth\u00e9rapies de groupe \u00e0 l&rsquo;adolescence Groupe et troubles du comportement M\u00e9diations et groupes th\u00e9rapeutiques Psychodrame et travail sur [&hellip;]<\/p>\n","protected":false},"author":2,"featured_media":0,"parent":0,"menu_order":0,"comment_status":"closed","ping_status":"closed","template":"","meta":{"_et_pb_use_builder":"on","_et_pb_old_content":"","_et_gb_content_width":"","footnotes":""},"class_list":["post-171","page","type-page","status-publish","hentry"],"_links":{"self":[{"href":"https:\/\/cirppa.org\/index.php\/wp-json\/wp\/v2\/pages\/171","targetHints":{"allow":["GET"]}}],"collection":[{"href":"https:\/\/cirppa.org\/index.php\/wp-json\/wp\/v2\/pages"}],"about":[{"href":"https:\/\/cirppa.org\/index.php\/wp-json\/wp\/v2\/types\/page"}],"author":[{"embeddable":true,"href":"https:\/\/cirppa.org\/index.php\/wp-json\/wp\/v2\/users\/2"}],"replies":[{"embeddable":true,"href":"https:\/\/cirppa.org\/index.php\/wp-json\/wp\/v2\/comments?post=171"}],"version-history":[{"count":15,"href":"https:\/\/cirppa.org\/index.php\/wp-json\/wp\/v2\/pages\/171\/revisions"}],"predecessor-version":[{"id":1323,"href":"https:\/\/cirppa.org\/index.php\/wp-json\/wp\/v2\/pages\/171\/revisions\/1323"}],"wp:attachment":[{"href":"https:\/\/cirppa.org\/index.php\/wp-json\/wp\/v2\/media?parent=171"}],"curies":[{"name":"wp","href":"https:\/\/api.w.org\/{rel}","templated":true}]}}