{"id":319,"date":"2023-10-25T21:06:00","date_gmt":"2023-10-25T19:06:00","guid":{"rendered":"https:\/\/cirppa.fr\/?page_id=319"},"modified":"2024-03-14T12:12:25","modified_gmt":"2024-03-14T11:12:25","slug":"recherche","status":"publish","type":"page","link":"https:\/\/cirppa.org\/index.php\/recherche\/","title":{"rendered":"Recherche"},"content":{"rendered":"<p>[et_pb_section fb_built=\u00a0\u00bb1&Prime; _builder_version=\u00a0\u00bb4.23&Prime; _module_preset=\u00a0\u00bbdefault\u00a0\u00bb global_colors_info=\u00a0\u00bb{}\u00a0\u00bb][et_pb_row column_structure=\u00a0\u00bb1_4,1_2,1_4&Prime; _builder_version=\u00a0\u00bb4.23&Prime; _module_preset=\u00a0\u00bbdefault\u00a0\u00bb global_colors_info=\u00a0\u00bb{}\u00a0\u00bb][et_pb_column type=\u00a0\u00bb1_4&Prime; _builder_version=\u00a0\u00bb4.23&Prime; _module_preset=\u00a0\u00bbdefault\u00a0\u00bb global_colors_info=\u00a0\u00bb{}\u00a0\u00bb][et_pb_divider show_divider=\u00a0\u00bboff\u00a0\u00bb _builder_version=\u00a0\u00bb4.23&Prime; _module_preset=\u00a0\u00bbdefault\u00a0\u00bb global_colors_info=\u00a0\u00bb{}\u00a0\u00bb][\/et_pb_divider][et_pb_text _builder_version=\u00a0\u00bb4.24.0&Prime; _module_preset=\u00a0\u00bbdefault\u00a0\u00bb global_colors_info=\u00a0\u00bb{}\u00a0\u00bb]<\/p>\n<div class=\"moduletable\">\n<h3><span class=\"backh\"><span class=\"backh2\"><span class=\"backh3\">Groupes de Travail<\/span><\/span><\/span><\/h3>\n<ul>\n<li><a href=\"https:\/\/cirppa.org\/index.php\/groupe-de-lyon\/\">Groupe de Lyon<\/a><\/li>\n<li><a href=\"https:\/\/cirppa.org\/index.php\/seminaire-paris\/\">S\u00e9minaire Paris<\/a><\/li>\n<\/ul>\n<\/div>\n<p>[\/et_pb_text][\/et_pb_column][et_pb_column type=\u00a0\u00bb1_2&Prime; _builder_version=\u00a0\u00bb4.23&Prime; _module_preset=\u00a0\u00bbdefault\u00a0\u00bb global_colors_info=\u00a0\u00bb{}\u00a0\u00bb][et_pb_text admin_label=\u00a0\u00bbTexte\u00a0\u00bb _builder_version=\u00a0\u00bb4.23&Prime; _module_preset=\u00a0\u00bbdefault\u00a0\u00bb text_orientation=\u00a0\u00bbjustified\u00a0\u00bb global_colors_info=\u00a0\u00bb{}\u00a0\u00bb]<\/p>\n<h2 style=\"text-align: center;\">Recherche<\/h2>\n<p>Les recherches entreprises au d\u00e9but des ann\u00e9es 70, tant par Pierre Privat et Jean-Bernard Chapelier, dans le cadre du secteur psychiatrique d&rsquo;Aubervilliers, puis au C. M. P. P. d&rsquo;Auxerre, sur les groupes d&rsquo;enfants \u00e0 l&rsquo;\u00e2ge de la latence, que par Genevi\u00e8ve Haag et Simone Urwand aupr\u00e8s des enfants autistes et psychotiques,\u00a0\u00a0se poursuivent \u00e0 ce jour\u00a0aussi bien au Centre Claude Bernard \u00e0 Paris que dans de nombreuses institutions. Elles se sont \u00e9tendues \u00e0 diff\u00e9rentes pathologies concernant non seulement les enfants \u00e0 l&rsquo;\u00e2ge de la latence, mais aussi les jeunes enfants, les adolescents, les adultes&#8230;<\/p>\n<p>Tous les deux ans, un congr\u00e8s europ\u00e9en \u00e0 Auxerre\u00a0rend compte de l&rsquo;avanc\u00e9 des travaux des formateurs et \u00a0membres\u00a0 du CIRPPA. Entre deux congr\u00e8s, le Groupe de Lyon organise aussi, au niveau scientifique, une journ\u00e9e sp\u00e9cifique qui approfondit certains th\u00e8mes.<\/p>\n<p>Une \u00a0liste non exhaustive des diff\u00e9rents groupes de travail et de recherche existants ou en constitution au CIRPPA vous est propos\u00e9e dans cette rubrique. Il est possible \u00a0d&rsquo;en int\u00e9grer certains d\u00e9s maintenant.<\/p>\n<p>[\/et_pb_text][\/et_pb_column][et_pb_column type=\u00a0\u00bb1_4&Prime; _builder_version=\u00a0\u00bb4.23&Prime; _module_preset=\u00a0\u00bbdefault\u00a0\u00bb global_colors_info=\u00a0\u00bb{}\u00a0\u00bb][\/et_pb_column][\/et_pb_row][\/et_pb_section]<\/p>\n","protected":false},"excerpt":{"rendered":"<p>Groupes de Travail Groupe de Lyon S\u00e9minaire Paris Recherche Les recherches entreprises au d\u00e9but des ann\u00e9es 70, tant par Pierre Privat et Jean-Bernard Chapelier, dans le cadre du secteur psychiatrique d&rsquo;Aubervilliers, puis au C. M. P. P. d&rsquo;Auxerre, sur les groupes d&rsquo;enfants \u00e0 l&rsquo;\u00e2ge de la latence, que par Genevi\u00e8ve Haag et Simone Urwand aupr\u00e8s [&hellip;]<\/p>\n","protected":false},"author":2,"featured_media":0,"parent":0,"menu_order":0,"comment_status":"closed","ping_status":"closed","template":"","meta":{"_et_pb_use_builder":"on","_et_pb_old_content":"<h2>Recherche<\/h2><p>Les recherches entreprises au d\u00e9but des ann\u00e9es 70, tant par Pierre Privat et Jean-Bernard Chapelier, dans le cadre du secteur psychiatrique d'Aubervilliers, puis au C. M. P. P. d'Auxerre, sur les groupes d'enfants \u00e0 l'\u00e2ge de la latence, que par Genevi\u00e8ve Haag et Simone Urwand aupr\u00e8s des enfants autistes et psychotiques,\u00a0\u00a0se poursuivent \u00e0 ce jour\u00a0aussi bien au Centre Claude Bernard \u00e0 Paris que dans de nombreuses institutions. Elles se sont \u00e9tendues \u00e0 diff\u00e9rentes pathologies concernant non seulement les enfants \u00e0 l'\u00e2ge de la latence, mais aussi les jeunes enfants, les adolescents, les adultes...<\/p><p>Tous les deux ans, un congr\u00e8s europ\u00e9en \u00e0 Auxerre\u00a0rend compte de l'avanc\u00e9 des travaux des formateurs et \u00a0membres\u00a0 du CIRPPA. Entre deux congr\u00e8s, le Groupe de Lyon organise aussi, au niveau scientifique, une journ\u00e9e sp\u00e9cifique qui approfondit certains th\u00e8mes.<\/p><p>Une \u00a0liste non exhaustive des diff\u00e9rents groupes de travail et de recherche existants ou en constitution au CIRPPA vous est propos\u00e9e dans cette rubrique. Il est possible \u00a0d'en int\u00e9grer certains d\u00e9s maintenant.<\/p>","_et_gb_content_width":"","footnotes":""},"class_list":["post-319","page","type-page","status-publish","hentry"],"_links":{"self":[{"href":"https:\/\/cirppa.org\/index.php\/wp-json\/wp\/v2\/pages\/319","targetHints":{"allow":["GET"]}}],"collection":[{"href":"https:\/\/cirppa.org\/index.php\/wp-json\/wp\/v2\/pages"}],"about":[{"href":"https:\/\/cirppa.org\/index.php\/wp-json\/wp\/v2\/types\/page"}],"author":[{"embeddable":true,"href":"https:\/\/cirppa.org\/index.php\/wp-json\/wp\/v2\/users\/2"}],"replies":[{"embeddable":true,"href":"https:\/\/cirppa.org\/index.php\/wp-json\/wp\/v2\/comments?post=319"}],"version-history":[{"count":6,"href":"https:\/\/cirppa.org\/index.php\/wp-json\/wp\/v2\/pages\/319\/revisions"}],"predecessor-version":[{"id":911,"href":"https:\/\/cirppa.org\/index.php\/wp-json\/wp\/v2\/pages\/319\/revisions\/911"}],"wp:attachment":[{"href":"https:\/\/cirppa.org\/index.php\/wp-json\/wp\/v2\/media?parent=319"}],"curies":[{"name":"wp","href":"https:\/\/api.w.org\/{rel}","templated":true}]}}

<p>[et_pb_section fb_built= »1&Prime; _builder_version= »4.23&Prime; _module_preset= »default » global_colors_info= »{} »][et_pb_row column_structure= »1_4,1_2,1_4&Prime; _builder_version= »4.23&Prime; _module_preset= »default » global_colors_info= »{} »][et_pb_column type= »1_4&Prime; _builder_version= »4.23&Prime; _module_preset= »default » global_colors_info= »{} »][et_pb_divider show_divider= »off » _builder_version= »4.23&Prime; _module_preset= »default » global_colors_info= »{} »][/et_pb_divider][et_pb_text _builder_version= »4.24.0&Prime; _module_preset= »default » global_colors_info= »{} »]</p>
<div class="moduletable">
<h3><span class="backh"><span class="backh2"><span class="backh3">Groupes de Travail</span></span></span></h3>
<ul>
<li><a href="https://cirppa.org/index.php/groupe-de-lyon/">Groupe de Lyon</a></li>
<li><a href="https://cirppa.org/index.php/seminaire-paris/">Séminaire Paris</a></li>
</ul>
</div>
<p>[/et_pb_text][/et_pb_column][et_pb_column type= »1_2&Prime; _builder_version= »4.23&Prime; _module_preset= »default » global_colors_info= »{} »][et_pb_text admin_label= »Texte » _builder_version= »4.23&Prime; _module_preset= »default » text_orientation= »justified » global_colors_info= »{} »]</p>
<h2 style="text-align: center;">Recherche</h2>
<p>Les recherches entreprises au début des années 70, tant par Pierre Privat et Jean-Bernard Chapelier, dans le cadre du secteur psychiatrique d&rsquo;Aubervilliers, puis au C. M. P. P. d&rsquo;Auxerre, sur les groupes d&rsquo;enfants à l&rsquo;âge de la latence, que par Geneviève Haag et Simone Urwand auprès des enfants autistes et psychotiques,  se poursuivent à ce jour aussi bien au Centre Claude Bernard à Paris que dans de nombreuses institutions. Elles se sont étendues à différentes pathologies concernant non seulement les enfants à l&rsquo;âge de la latence, mais aussi les jeunes enfants, les adolescents, les adultes&#8230;</p>
<p>Tous les deux ans, un congrès européen à Auxerre rend compte de l&rsquo;avancé des travaux des formateurs et  membres  du CIRPPA. Entre deux congrès, le Groupe de Lyon organise aussi, au niveau scientifique, une journée spécifique qui approfondit certains thèmes.</p>
<p>Une  liste non exhaustive des différents groupes de travail et de recherche existants ou en constitution au CIRPPA vous est proposée dans cette rubrique. Il est possible  d&rsquo;en intégrer certains dés maintenant.</p>
<p>[/et_pb_text][/et_pb_column][et_pb_column type= »1_4&Prime; _builder_version= »4.23&Prime; _module_preset= »default » global_colors_info= »{} »][/et_pb_column][/et_pb_row][/et_pb_section]</p>

<p>Groupes de Travail Groupe de Lyon Séminaire Paris Recherche Les recherches entreprises au début des années 70, tant par Pierre Privat et Jean-Bernard Chapelier, dans le cadre du secteur psychiatrique d&rsquo;Aubervilliers, puis au C. M. P. P. d&rsquo;Auxerre, sur les groupes d&rsquo;enfants à l&rsquo;âge de la latence, que par Geneviève Haag et Simone Urwand auprès [&hellip;]</p>

<h2>Recherche</h2><p>Les recherches entreprises au début des années 70, tant par Pierre Privat et Jean-Bernard Chapelier, dans le cadre du secteur psychiatrique d'Aubervilliers, puis au C. M. P. P. d'Auxerre, sur les groupes d'enfants à l'âge de la latence, que par Geneviève Haag et Simone Urwand auprès des enfants autistes et psychotiques,  se poursuivent à ce jour aussi bien au Centre Claude Bernard à Paris que dans de nombreuses institutions. Elles se sont étendues à différentes pathologies concernant non seulement les enfants à l'âge de la latence, mais aussi les jeunes enfants, les adolescents, les adultes...</p><p>Tous les deux ans, un congrès européen à Auxerre rend compte de l'avancé des travaux des formateurs et  membres  du CIRPPA. Entre deux congrès, le Groupe de Lyon organise aussi, au niveau scientifique, une journée spécifique qui approfondit certains thèmes.</p><p>Une  liste non exhaustive des différents groupes de travail et de recherche existants ou en constitution au CIRPPA vous est proposée dans cette rubrique. Il est possible  d'en intégrer certains dés maintenant.</p>
