{"id":672,"date":"2023-11-29T18:29:14","date_gmt":"2023-11-29T17:29:14","guid":{"rendered":"https:\/\/cirppa.fr\/?page_id=672"},"modified":"2024-02-08T16:02:43","modified_gmt":"2024-02-08T15:02:43","slug":"cahiers-du-cirppa","status":"publish","type":"page","link":"https:\/\/cirppa.org\/index.php\/cahiers-du-cirppa\/","title":{"rendered":"Cahiers du CIRPPA"},"content":{"rendered":"<p>[et_pb_section fb_built=\u00a0\u00bb1&Prime; _builder_version=\u00a0\u00bb4.23&Prime; _module_preset=\u00a0\u00bbdefault\u00a0\u00bb custom_padding=\u00a0\u00bb10px|||||\u00a0\u00bb global_colors_info=\u00a0\u00bb{}\u00a0\u00bb][et_pb_row _builder_version=\u00a0\u00bb4.23&Prime; _module_preset=\u00a0\u00bbdefault\u00a0\u00bb custom_padding=\u00a0\u00bb21px||37px|||\u00a0\u00bb global_colors_info=\u00a0\u00bb{}\u00a0\u00bb][et_pb_column type=\u00a0\u00bb4_4&Prime; _builder_version=\u00a0\u00bb4.23&Prime; _module_preset=\u00a0\u00bbdefault\u00a0\u00bb global_colors_info=\u00a0\u00bb{}\u00a0\u00bb][et_pb_text _builder_version=\u00a0\u00bb4.23&Prime; _module_preset=\u00a0\u00bbdefault\u00a0\u00bb custom_margin=\u00a0\u00bb||1px|||\u00a0\u00bb global_colors_info=\u00a0\u00bb{}\u00a0\u00bb]<\/p>\n<h2 style=\"text-align: center;\"><span class=\"subheading-category\">Cahiers du CIRPPA<\/span><\/h2>\n<div class=\"category-desc\">\n<p class=\"p1\" style=\"text-align: justify;\">\n<\/div>\n<p>[\/et_pb_text][\/et_pb_column][\/et_pb_row][et_pb_row column_structure=\u00a0\u00bb1_4,3_4&Prime; _builder_version=\u00a0\u00bb4.23&Prime; _module_preset=\u00a0\u00bbdefault\u00a0\u00bb custom_padding=\u00a0\u00bb17px|||||\u00a0\u00bb global_colors_info=\u00a0\u00bb{}\u00a0\u00bb][et_pb_column type=\u00a0\u00bb1_4&Prime; _builder_version=\u00a0\u00bb4.23&Prime; _module_preset=\u00a0\u00bbdefault\u00a0\u00bb global_colors_info=\u00a0\u00bb{}\u00a0\u00bb][et_pb_text _builder_version=\u00a0\u00bb4.23&Prime; _module_preset=\u00a0\u00bbdefault\u00a0\u00bb global_colors_info=\u00a0\u00bb{}\u00a0\u00bb]<\/p>\n<ul>\n<li><a href=\"https:\/\/cirppa.org\/index.php\/page-des-membres-du-cirppa\/\">Nouvelles de l&rsquo;association<\/a><\/li>\n<li>Cahiers du CIRPPA<\/li>\n<li><a href=\"https:\/\/cirppa.org\/index.php\/textes-membres\/\">Espace membres \u2022 textes<\/a><\/li>\n<\/ul>\n<p>[\/et_pb_text][\/et_pb_column][et_pb_column type=\u00a0\u00bb3_4&Prime; _builder_version=\u00a0\u00bb4.23&Prime; _module_preset=\u00a0\u00bbdefault\u00a0\u00bb global_colors_info=\u00a0\u00bb{}\u00a0\u00bb][et_pb_text _builder_version=\u00a0\u00bb4.23&Prime; _module_preset=\u00a0\u00bbdefault\u00a0\u00bb global_colors_info=\u00a0\u00bb{}\u00a0\u00bb]<\/p>\n<div class=\"category-desc\">\n<p class=\"p1\" style=\"text-align: justify;\"><span class=\"s1\">Avec\u00a0Les Cahiers du CIRPPA\u00a0nous souhaitons transmettre aux adh\u00e9rents du CIRPPA les\u00a0travaux effectu\u00e9s au cours des regroupements et des journ\u00e9es d\u2019\u00e9tude. Les expos\u00e9s pr\u00e9sent\u00e9s le dimanche matin par les membres des groupes de supervision concern\u00e9s y trouveraient leur place (sauf pour ceux qui ne le souhaiteraient pas) ainsi qu\u2019un compte-rendu\u00a0des discussions associ\u00e9es. Il en serait de m\u00eame pour les journ\u00e9es d\u2019\u00e9tude : textes des\u00a0conf\u00e9rences et compte-rendu des discussions y seront inclus, encore faut-il que les\u00a0conf\u00e9renciers nous transmettent leur texte et que des auditeurs veuillent bien devenir\u00a0r\u00e9dacteurs des compte-rendu de discussion\u2026 Ce num\u00e9ro 2 est donc incomplet : il y manque des conf\u00e9rences faites aux journ\u00e9es\u00a0d\u2019\u00e9tude de d\u00e9cembre 2013 et les compte-rendu du dimanche matin. Dommage\u2026 Mais nous essaierons de r\u00e9aliser un num\u00e9ro 3 plus complet.\u00a0<\/span><\/p>\n<p class=\"p1\" style=\"text-align: justify;\"><span class=\"s1\">Nous esp\u00e9rons aussi que ces Cahiers permettent \u00e0 chacun d\u2019y \u00e9crire leurs questions et\u00a0r\u00e9flexions autour de leur clinique, ouvrant ainsi \u00e0 des discussions entre nous tous.\u00a0<\/span><\/p>\n<p>&nbsp;<\/p>\n<p style=\"text-align: right;\">Les secr\u00e9taires de r\u00e9daction,<br \/>Nadia Kacha et Pierrette Laurent<\/p>\n<\/div>\n<p>[\/et_pb_text][\/et_pb_column][\/et_pb_row][et_pb_row column_structure=\u00a0\u00bb1_3,1_3,1_3&Prime; _builder_version=\u00a0\u00bb4.23&Prime; _module_preset=\u00a0\u00bbdefault\u00a0\u00bb collapsed=\u00a0\u00bboff\u00a0\u00bb global_colors_info=\u00a0\u00bb{}\u00a0\u00bb][et_pb_column type=\u00a0\u00bb1_3&Prime; _builder_version=\u00a0\u00bb4.23&Prime; _module_preset=\u00a0\u00bbdefault\u00a0\u00bb global_colors_info=\u00a0\u00bb{}\u00a0\u00bb][et_pb_button button_url=\u00a0\u00bbhttps:\/\/cirppa.org\/index.php\/cahier-n5\/\u00a0\u00bb button_text=\u00a0\u00bbCahier n\u00b05&Prime; button_alignment=\u00a0\u00bbcenter\u00a0\u00bb _builder_version=\u00a0\u00bb4.23&Prime; _module_preset=\u00a0\u00bbdefault\u00a0\u00bb global_colors_info=\u00a0\u00bb{}\u00a0\u00bb][\/et_pb_button][\/et_pb_column][et_pb_column type=\u00a0\u00bb1_3&Prime; _builder_version=\u00a0\u00bb4.23&Prime; _module_preset=\u00a0\u00bbdefault\u00a0\u00bb global_colors_info=\u00a0\u00bb{}\u00a0\u00bb][et_pb_button button_url=\u00a0\u00bbhttps:\/\/cirppa.org\/index.php\/cahier-n3\/\u00a0\u00bb button_text=\u00a0\u00bbCahier n\u00b03&Prime; button_alignment=\u00a0\u00bbcenter\u00a0\u00bb _builder_version=\u00a0\u00bb4.23&Prime; _module_preset=\u00a0\u00bbdefault\u00a0\u00bb global_colors_info=\u00a0\u00bb{}\u00a0\u00bb][\/et_pb_button][\/et_pb_column][et_pb_column type=\u00a0\u00bb1_3&Prime; _builder_version=\u00a0\u00bb4.23&Prime; _module_preset=\u00a0\u00bbdefault\u00a0\u00bb global_colors_info=\u00a0\u00bb{}\u00a0\u00bb][et_pb_button button_url=\u00a0\u00bbhttps:\/\/cirppa.org\/index.php\/cahier-n2\/\u00a0\u00bb button_text=\u00a0\u00bbCahier n\u00b02&Prime; button_alignment=\u00a0\u00bbcenter\u00a0\u00bb _builder_version=\u00a0\u00bb4.23&Prime; _module_preset=\u00a0\u00bbdefault\u00a0\u00bb global_colors_info=\u00a0\u00bb{}\u00a0\u00bb][\/et_pb_button][\/et_pb_column][\/et_pb_row][\/et_pb_section]<\/p>\n","protected":false},"excerpt":{"rendered":"<p>Cahiers du CIRPPA Nouvelles de l&rsquo;association Cahiers du CIRPPA Espace membres \u2022 textes Avec\u00a0Les Cahiers du CIRPPA\u00a0nous souhaitons transmettre aux adh\u00e9rents du CIRPPA les\u00a0travaux effectu\u00e9s au cours des regroupements et des journ\u00e9es d\u2019\u00e9tude. Les expos\u00e9s pr\u00e9sent\u00e9s le dimanche matin par les membres des groupes de supervision concern\u00e9s y trouveraient leur place (sauf pour ceux qui [&hellip;]<\/p>\n","protected":false},"author":2,"featured_media":0,"parent":0,"menu_order":0,"comment_status":"closed","ping_status":"closed","template":"","meta":{"_et_pb_use_builder":"on","_et_pb_old_content":"","_et_gb_content_width":"","footnotes":""},"class_list":["post-672","page","type-page","status-publish","hentry"],"_links":{"self":[{"href":"https:\/\/cirppa.org\/index.php\/wp-json\/wp\/v2\/pages\/672","targetHints":{"allow":["GET"]}}],"collection":[{"href":"https:\/\/cirppa.org\/index.php\/wp-json\/wp\/v2\/pages"}],"about":[{"href":"https:\/\/cirppa.org\/index.php\/wp-json\/wp\/v2\/types\/page"}],"author":[{"embeddable":true,"href":"https:\/\/cirppa.org\/index.php\/wp-json\/wp\/v2\/users\/2"}],"replies":[{"embeddable":true,"href":"https:\/\/cirppa.org\/index.php\/wp-json\/wp\/v2\/comments?post=672"}],"version-history":[{"count":13,"href":"https:\/\/cirppa.org\/index.php\/wp-json\/wp\/v2\/pages\/672\/revisions"}],"predecessor-version":[{"id":841,"href":"https:\/\/cirppa.org\/index.php\/wp-json\/wp\/v2\/pages\/672\/revisions\/841"}],"wp:attachment":[{"href":"https:\/\/cirppa.org\/index.php\/wp-json\/wp\/v2\/media?parent=672"}],"curies":[{"name":"wp","href":"https:\/\/api.w.org\/{rel}","templated":true}]}}

<p>[et_pb_section fb_built= »1&Prime; _builder_version= »4.23&Prime; _module_preset= »default » custom_padding= »10px||||| » global_colors_info= »{} »][et_pb_row _builder_version= »4.23&Prime; _module_preset= »default » custom_padding= »21px||37px||| » global_colors_info= »{} »][et_pb_column type= »4_4&Prime; _builder_version= »4.23&Prime; _module_preset= »default » global_colors_info= »{} »][et_pb_text _builder_version= »4.23&Prime; _module_preset= »default » custom_margin= »||1px||| » global_colors_info= »{} »]</p>
<h2 style="text-align: center;"><span class="subheading-category">Cahiers du CIRPPA</span></h2>
<div class="category-desc">
<p class="p1" style="text-align: justify;">
</div>
<p>[/et_pb_text][/et_pb_column][/et_pb_row][et_pb_row column_structure= »1_4,3_4&Prime; _builder_version= »4.23&Prime; _module_preset= »default » custom_padding= »17px||||| » global_colors_info= »{} »][et_pb_column type= »1_4&Prime; _builder_version= »4.23&Prime; _module_preset= »default » global_colors_info= »{} »][et_pb_text _builder_version= »4.23&Prime; _module_preset= »default » global_colors_info= »{} »]</p>
<ul>
<li><a href="https://cirppa.org/index.php/page-des-membres-du-cirppa/">Nouvelles de l&rsquo;association</a></li>
<li>Cahiers du CIRPPA</li>
<li><a href="https://cirppa.org/index.php/textes-membres/">Espace membres • textes</a></li>
</ul>
<p>[/et_pb_text][/et_pb_column][et_pb_column type= »3_4&Prime; _builder_version= »4.23&Prime; _module_preset= »default » global_colors_info= »{} »][et_pb_text _builder_version= »4.23&Prime; _module_preset= »default » global_colors_info= »{} »]</p>
<div class="category-desc">
<p class="p1" style="text-align: justify;"><span class="s1">Avec Les Cahiers du CIRPPA nous souhaitons transmettre aux adhérents du CIRPPA les travaux effectués au cours des regroupements et des journées d’étude. Les exposés présentés le dimanche matin par les membres des groupes de supervision concernés y trouveraient leur place (sauf pour ceux qui ne le souhaiteraient pas) ainsi qu’un compte-rendu des discussions associées. Il en serait de même pour les journées d’étude : textes des conférences et compte-rendu des discussions y seront inclus, encore faut-il que les conférenciers nous transmettent leur texte et que des auditeurs veuillent bien devenir rédacteurs des compte-rendu de discussion… Ce numéro 2 est donc incomplet : il y manque des conférences faites aux journées d’étude de décembre 2013 et les compte-rendu du dimanche matin. Dommage… Mais nous essaierons de réaliser un numéro 3 plus complet. </span></p>
<p class="p1" style="text-align: justify;"><span class="s1">Nous espérons aussi que ces Cahiers permettent à chacun d’y écrire leurs questions et réflexions autour de leur clinique, ouvrant ainsi à des discussions entre nous tous. </span></p>
<p>&nbsp;</p>
<p style="text-align: right;">Les secrétaires de rédaction,<br />Nadia Kacha et Pierrette Laurent</p>
</div>
<p>[/et_pb_text][/et_pb_column][/et_pb_row][et_pb_row column_structure= »1_3,1_3,1_3&Prime; _builder_version= »4.23&Prime; _module_preset= »default » collapsed= »off » global_colors_info= »{} »][et_pb_column type= »1_3&Prime; _builder_version= »4.23&Prime; _module_preset= »default » global_colors_info= »{} »][et_pb_button button_url= »https://cirppa.org/index.php/cahier-n5/ » button_text= »Cahier n°5&Prime; button_alignment= »center » _builder_version= »4.23&Prime; _module_preset= »default » global_colors_info= »{} »][/et_pb_button][/et_pb_column][et_pb_column type= »1_3&Prime; _builder_version= »4.23&Prime; _module_preset= »default » global_colors_info= »{} »][et_pb_button button_url= »https://cirppa.org/index.php/cahier-n3/ » button_text= »Cahier n°3&Prime; button_alignment= »center » _builder_version= »4.23&Prime; _module_preset= »default » global_colors_info= »{} »][/et_pb_button][/et_pb_column][et_pb_column type= »1_3&Prime; _builder_version= »4.23&Prime; _module_preset= »default » global_colors_info= »{} »][et_pb_button button_url= »https://cirppa.org/index.php/cahier-n2/ » button_text= »Cahier n°2&Prime; button_alignment= »center » _builder_version= »4.23&Prime; _module_preset= »default » global_colors_info= »{} »][/et_pb_button][/et_pb_column][/et_pb_row][/et_pb_section]</p>

<p>Cahiers du CIRPPA Nouvelles de l&rsquo;association Cahiers du CIRPPA Espace membres • textes Avec Les Cahiers du CIRPPA nous souhaitons transmettre aux adhérents du CIRPPA les travaux effectués au cours des regroupements et des journées d’étude. Les exposés présentés le dimanche matin par les membres des groupes de supervision concernés y trouveraient leur place (sauf pour ceux qui [&hellip;]</p>
