{"id":993,"date":"2024-06-28T16:31:09","date_gmt":"2024-06-28T14:31:09","guid":{"rendered":"https:\/\/cirppa.org\/?page_id=993"},"modified":"2025-11-20T15:45:39","modified_gmt":"2025-11-20T14:45:39","slug":"sensibilisation-au-psychodrame","status":"publish","type":"page","link":"https:\/\/cirppa.org\/index.php\/sensibilisation-au-psychodrame\/","title":{"rendered":"Sensibilisation au psychodrame"},"content":{"rendered":"<p>[et_pb_section fb_built=\u00a0\u00bb1&Prime; _builder_version=\u00a0\u00bb4.23&Prime; _module_preset=\u00a0\u00bbdefault\u00a0\u00bb custom_padding=\u00a0\u00bb12px|||||\u00a0\u00bb global_colors_info=\u00a0\u00bb{}\u00a0\u00bb][et_pb_row column_structure=\u00a0\u00bb1_4,1_2,1_4&Prime; _builder_version=\u00a0\u00bb4.23&Prime; _module_preset=\u00a0\u00bbdefault\u00a0\u00bb global_colors_info=\u00a0\u00bb{}\u00a0\u00bb][et_pb_column type=\u00a0\u00bb1_4&Prime; _builder_version=\u00a0\u00bb4.23&Prime; _module_preset=\u00a0\u00bbdefault\u00a0\u00bb global_colors_info=\u00a0\u00bb{}\u00a0\u00bb][et_pb_divider show_divider=\u00a0\u00bboff\u00a0\u00bb _builder_version=\u00a0\u00bb4.23&Prime; _module_preset=\u00a0\u00bbdefault\u00a0\u00bb global_colors_info=\u00a0\u00bb{}\u00a0\u00bb][\/et_pb_divider][et_pb_text _builder_version=\u00a0\u00bb4.23&Prime; _module_preset=\u00a0\u00bbdefault\u00a0\u00bb global_colors_info=\u00a0\u00bb{}\u00a0\u00bb]<\/p>\n<div class=\"moduletable\">\n<h3><span class=\"backh\"><span class=\"backh2\"><span class=\"backh3\">Interventions en Institution<\/span><\/span><\/span><\/h3>\n<ul class=\"menu\">\n<li class=\"item-565\"><a href=\"https:\/\/cirppa.org\/index.php\/stage-initiation-a-lanimation-de-groupes-therapeutiques-denfants\/\">Initiation \u00e0 l&rsquo;animation de groupes th\u00e9rapeutiques d&rsquo;enfants<\/a><\/li>\n<li class=\"item-478\"><a href=\"https:\/\/cirppa.org\/index.php\/stage-le-travail-therapeutique-en-groupe-replace-dans-son-contexte-institutionnel\/\">Le travail th\u00e9rapeutique en groupe replac\u00e9 dans son contexte institutionnel<\/a><\/li>\n<li class=\"item-482\"><a href=\"https:\/\/cirppa.org\/index.php\/stage-reflexion-sur-les-phenomenes-institutionnels\/\">R\u00e9flexion sur les ph\u00e9nom\u00e8nes institutionnels<\/a><\/li>\n<\/ul>\n<\/div>\n<div class=\"moduletable\">\n<h3><span class=\"backh\"><span class=\"backh2\"><span class=\"backh3\">Stages personnels<\/span><\/span><\/span><\/h3>\n<ul class=\"menu\">\n<li class=\"item-476\"><a href=\"https:\/\/cirppa.org\/index.php\/action-therapeutique-groupe\/\">L&rsquo;action th\u00e9rapeutique en groupe<\/a><\/li>\n<li class=\"item-475\"><a href=\"https:\/\/cirppa.org\/index.php\/psychodrame-enfant\/\">Psychoth\u00e9rapies de groupes et psychodrames d&rsquo;enfants<\/a><\/li>\n<li class=\"item-483\"><a href=\"https:\/\/cirppa.org\/index.php\/stage-psychotherapies-de-groupe-a-ladolescence\/\">Psychoth\u00e9rapies de groupe \u00e0 l&rsquo;adolescence<\/a><\/li>\n<li class=\"item-484\"><a href=\"https:\/\/cirppa.org\/index.php\/stage-groupe-et-troubles-du-comportement\/\">Groupe et troubles du comportement<\/a><\/li>\n<li class=\"item-485\"><a href=\"https:\/\/cirppa.org\/index.php\/mediations-et-groupes-therapeutiques\/\">M\u00e9diations et groupes th\u00e9rapeutiques<\/a><\/li>\n<li class=\"item-488\"><a href=\"https:\/\/cirppa.org\/index.php\/psychodrame-et-travail-sur-la-dynamique-groupale\/\">Psychodrame et travail sur la dynamique groupale<\/a><\/li>\n<li class=\"item-489\"><a href=\"https:\/\/cirppa.org\/index.php\/groupe-et-autisme\/\">Groupe et autisme<\/a><\/li>\n<li class=\"item-474\"><a href=\"https:\/\/cirppa.org\/index.php\/sensibilisation-personnelle-a-la-dynamique-des-groupes\/\">Sensibilisation personnelle \u00e0 la dynamique des groupes<\/a><\/li>\n<li><a href=\"https:\/\/cirppa.org\/index.php\/sensibilisation-au-psychodrame\/\">Sensibilisation au psychodrame<\/a><\/li>\n<\/ul>\n<\/div>\n<p>[\/et_pb_text][\/et_pb_column][et_pb_column type=\u00a0\u00bb1_2&Prime; _builder_version=\u00a0\u00bb4.23&Prime; _module_preset=\u00a0\u00bbdefault\u00a0\u00bb global_colors_info=\u00a0\u00bb{}\u00a0\u00bb][et_pb_text _builder_version=\u00a0\u00bb4.24.0&Prime; _module_preset=\u00a0\u00bbdefault\u00a0\u00bb text_orientation=\u00a0\u00bbjustified\u00a0\u00bb global_colors_info=\u00a0\u00bb{}\u00a0\u00bb]<\/p>\n<h2>Stage &#8211; Sensibilisation au psychodrame<\/h2>\n<p><strong>PUBLIC CONCERNE<\/strong><\/p>\n<p>Cette sensibilisation s\u2019adresse \u00e0 un public large. Sont concern\u00e9s principalement les professionnels de sant\u00e9 (psychologues, psychiatres, infirmiers, \u00e9ducateurs\u2026), mais cette formation est \u00e9galement ouverte \u00e0 des professionnels d\u2019autres horizons int\u00e9ress\u00e9s par le psychodrame<br \/>Le nombre est limit\u00e9 \u00e0 12 participants afin de garantir l\u2019appui sur la dynamique groupale. <\/p>\n<p><strong>OBJECTIFS<\/strong><\/p>\n<p>La formation que nous vous proposons permettra aux stagiaires de :<br \/>&#8211; Sensibiliser \u00e0 la compr\u00e9hension de la dynamique de groupe et des enjeux pr\u00e9sents au sein du psychodrame<br \/>&#8211; Appr\u00e9hender et questionner individuellement et groupalement les enjeux et les effets d\u2019une rencontre groupale : interactions entre patients et soignants <br \/>&#8211; Am\u00e9liorer la qualit\u00e9 des prises en charges th\u00e9rapeutiques en institution, en d\u00e9veloppant la dimension groupale<\/p>\n<p><strong>METHODOLOGIE<\/strong><\/p>\n<p>Appropriation individuelle et personnelle de ce processus formatif \u00e0 partir de l\u2019exp\u00e9rience partag\u00e9e et \u00e9labor\u00e9e en groupe et par le groupe. Chaque exercice sera suivi d&rsquo;une analyse \u00e0 laquelle chacun participe de la place qu&rsquo;il y a prise, mais aussi d\u2019une analyse plus groupale sur les enjeux, afin d&rsquo;en d\u00e9gager des \u00e9l\u00e9ments sur le fonctionnement du groupe.<\/p>\n<p><strong>CONTENU PEDAGOGIQUE<\/strong><\/p>\n<p>Cette session de deux jours offre aux stagiaires une sensibilisation au psychodrame de groupe en l\u2019exp\u00e9rimentant. Ces mises en situation permettront de commencer \u00e0 percevoir les enjeux du jeu, la groupalit\u00e9 au-del\u00e0 des individus et plus largement l\u2019inconscient au-del\u00e0 du manifeste. Ces apports cliniques et ces mises en situation via l\u2019exp\u00e9rimentation n\u00e9cessite un engagement et une implication personnels.<\/p>\n<p><strong>FORMATEURS<\/strong><\/p>\n<p>Damien AUPETIT &amp; Claudine JUPTNER<\/p>\n<p>[\/et_pb_text][\/et_pb_column][et_pb_column type=\u00a0\u00bb1_4&Prime; _builder_version=\u00a0\u00bb4.23&Prime; _module_preset=\u00a0\u00bbdefault\u00a0\u00bb global_colors_info=\u00a0\u00bb{}\u00a0\u00bb][et_pb_divider show_divider=\u00a0\u00bboff\u00a0\u00bb _builder_version=\u00a0\u00bb4.24.0&Prime; _module_preset=\u00a0\u00bbdefault\u00a0\u00bb global_colors_info=\u00a0\u00bb{}\u00a0\u00bb][\/et_pb_divider][et_pb_text _builder_version=\u00a0\u00bb4.27.4&Prime; _module_preset=\u00a0\u00bbdefault\u00a0\u00bb global_colors_info=\u00a0\u00bb{}\u00a0\u00bb]<\/p>\n<div id=\"all\">\n<div id=\"back\">\n<div id=\"contentarea\">\n<div id=\"wrapper2\">\n<div id=\"main\" role=\"main\">\n<div class=\"item-page\">\n<h3>Lieu, date et tarif<\/h3>\n<p><strong>Lieu<\/strong> : 13 rue Curie, 69006 LYON<br \/>12 heures sur un WE<br \/>9h-12h puis 14h-17h (repas libre)<\/p>\n<p><strong>Dates 2026<\/strong>\u00a0: 10 &amp; 11 octobre\u00a0<\/p>\n<p><strong>Tarif<\/strong> : 650 \u20ac<\/p>\n<p>&nbsp;<\/p>\n<p>Pour vous inscrire, vous trouverez le bulletin d&rsquo;inscription en premi\u00e8re page de l&rsquo;institut de formation.<\/p>\n<\/div>\n<\/div>\n<\/div>\n<\/div>\n<\/div>\n<\/div>\n<p>[\/et_pb_text][\/et_pb_column][\/et_pb_row][\/et_pb_section]<\/p>\n","protected":false},"excerpt":{"rendered":"<p>Interventions en Institution Initiation \u00e0 l&rsquo;animation de groupes th\u00e9rapeutiques d&rsquo;enfants Le travail th\u00e9rapeutique en groupe replac\u00e9 dans son contexte institutionnel R\u00e9flexion sur les ph\u00e9nom\u00e8nes institutionnels Stages personnels L&rsquo;action th\u00e9rapeutique en groupe Psychoth\u00e9rapies de groupes et psychodrames d&rsquo;enfants Psychoth\u00e9rapies de groupe \u00e0 l&rsquo;adolescence Groupe et troubles du comportement M\u00e9diations et groupes th\u00e9rapeutiques Psychodrame et travail sur [&hellip;]<\/p>\n","protected":false},"author":2,"featured_media":0,"parent":0,"menu_order":0,"comment_status":"closed","ping_status":"closed","template":"","meta":{"_et_pb_use_builder":"on","_et_pb_old_content":"","_et_gb_content_width":"","footnotes":""},"class_list":["post-993","page","type-page","status-publish","hentry"],"_links":{"self":[{"href":"https:\/\/cirppa.org\/index.php\/wp-json\/wp\/v2\/pages\/993","targetHints":{"allow":["GET"]}}],"collection":[{"href":"https:\/\/cirppa.org\/index.php\/wp-json\/wp\/v2\/pages"}],"about":[{"href":"https:\/\/cirppa.org\/index.php\/wp-json\/wp\/v2\/types\/page"}],"author":[{"embeddable":true,"href":"https:\/\/cirppa.org\/index.php\/wp-json\/wp\/v2\/users\/2"}],"replies":[{"embeddable":true,"href":"https:\/\/cirppa.org\/index.php\/wp-json\/wp\/v2\/comments?post=993"}],"version-history":[{"count":9,"href":"https:\/\/cirppa.org\/index.php\/wp-json\/wp\/v2\/pages\/993\/revisions"}],"predecessor-version":[{"id":1327,"href":"https:\/\/cirppa.org\/index.php\/wp-json\/wp\/v2\/pages\/993\/revisions\/1327"}],"wp:attachment":[{"href":"https:\/\/cirppa.org\/index.php\/wp-json\/wp\/v2\/media?parent=993"}],"curies":[{"name":"wp","href":"https:\/\/api.w.org\/{rel}","templated":true}]}}

<p>[et_pb_section fb_built= »1&Prime; _builder_version= »4.23&Prime; _module_preset= »default » custom_padding= »12px||||| » global_colors_info= »{} »][et_pb_row column_structure= »1_4,1_2,1_4&Prime; _builder_version= »4.23&Prime; _module_preset= »default » global_colors_info= »{} »][et_pb_column type= »1_4&Prime; _builder_version= »4.23&Prime; _module_preset= »default » global_colors_info= »{} »][et_pb_divider show_divider= »off » _builder_version= »4.23&Prime; _module_preset= »default » global_colors_info= »{} »][/et_pb_divider][et_pb_text _builder_version= »4.23&Prime; _module_preset= »default » global_colors_info= »{} »]</p>
<div class="moduletable">
<h3><span class="backh"><span class="backh2"><span class="backh3">Interventions en Institution</span></span></span></h3>
<ul class="menu">
<li class="item-565"><a href="https://cirppa.org/index.php/stage-initiation-a-lanimation-de-groupes-therapeutiques-denfants/">Initiation à l&rsquo;animation de groupes thérapeutiques d&rsquo;enfants</a></li>
<li class="item-478"><a href="https://cirppa.org/index.php/stage-le-travail-therapeutique-en-groupe-replace-dans-son-contexte-institutionnel/">Le travail thérapeutique en groupe replacé dans son contexte institutionnel</a></li>
<li class="item-482"><a href="https://cirppa.org/index.php/stage-reflexion-sur-les-phenomenes-institutionnels/">Réflexion sur les phénomènes institutionnels</a></li>
</ul>
</div>
<div class="moduletable">
<h3><span class="backh"><span class="backh2"><span class="backh3">Stages personnels</span></span></span></h3>
<ul class="menu">
<li class="item-476"><a href="https://cirppa.org/index.php/action-therapeutique-groupe/">L&rsquo;action thérapeutique en groupe</a></li>
<li class="item-475"><a href="https://cirppa.org/index.php/psychodrame-enfant/">Psychothérapies de groupes et psychodrames d&rsquo;enfants</a></li>
<li class="item-483"><a href="https://cirppa.org/index.php/stage-psychotherapies-de-groupe-a-ladolescence/">Psychothérapies de groupe à l&rsquo;adolescence</a></li>
<li class="item-484"><a href="https://cirppa.org/index.php/stage-groupe-et-troubles-du-comportement/">Groupe et troubles du comportement</a></li>
<li class="item-485"><a href="https://cirppa.org/index.php/mediations-et-groupes-therapeutiques/">Médiations et groupes thérapeutiques</a></li>
<li class="item-488"><a href="https://cirppa.org/index.php/psychodrame-et-travail-sur-la-dynamique-groupale/">Psychodrame et travail sur la dynamique groupale</a></li>
<li class="item-489"><a href="https://cirppa.org/index.php/groupe-et-autisme/">Groupe et autisme</a></li>
<li class="item-474"><a href="https://cirppa.org/index.php/sensibilisation-personnelle-a-la-dynamique-des-groupes/">Sensibilisation personnelle à la dynamique des groupes</a></li>
<li><a href="https://cirppa.org/index.php/sensibilisation-au-psychodrame/">Sensibilisation au psychodrame</a></li>
</ul>
</div>
<p>[/et_pb_text][/et_pb_column][et_pb_column type= »1_2&Prime; _builder_version= »4.23&Prime; _module_preset= »default » global_colors_info= »{} »][et_pb_text _builder_version= »4.24.0&Prime; _module_preset= »default » text_orientation= »justified » global_colors_info= »{} »]</p>
<h2>Stage &#8211; Sensibilisation au psychodrame</h2>
<p><strong>PUBLIC CONCERNE</strong></p>
<p>Cette sensibilisation s’adresse à un public large. Sont concernés principalement les professionnels de santé (psychologues, psychiatres, infirmiers, éducateurs…), mais cette formation est également ouverte à des professionnels d’autres horizons intéressés par le psychodrame<br />Le nombre est limité à 12 participants afin de garantir l’appui sur la dynamique groupale. </p>
<p><strong>OBJECTIFS</strong></p>
<p>La formation que nous vous proposons permettra aux stagiaires de :<br />&#8211; Sensibiliser à la compréhension de la dynamique de groupe et des enjeux présents au sein du psychodrame<br />&#8211; Appréhender et questionner individuellement et groupalement les enjeux et les effets d’une rencontre groupale : interactions entre patients et soignants <br />&#8211; Améliorer la qualité des prises en charges thérapeutiques en institution, en développant la dimension groupale</p>
<p><strong>METHODOLOGIE</strong></p>
<p>Appropriation individuelle et personnelle de ce processus formatif à partir de l’expérience partagée et élaborée en groupe et par le groupe. Chaque exercice sera suivi d&rsquo;une analyse à laquelle chacun participe de la place qu&rsquo;il y a prise, mais aussi d’une analyse plus groupale sur les enjeux, afin d&rsquo;en dégager des éléments sur le fonctionnement du groupe.</p>
<p><strong>CONTENU PEDAGOGIQUE</strong></p>
<p>Cette session de deux jours offre aux stagiaires une sensibilisation au psychodrame de groupe en l’expérimentant. Ces mises en situation permettront de commencer à percevoir les enjeux du jeu, la groupalité au-delà des individus et plus largement l’inconscient au-delà du manifeste. Ces apports cliniques et ces mises en situation via l’expérimentation nécessite un engagement et une implication personnels.</p>
<p><strong>FORMATEURS</strong></p>
<p>Damien AUPETIT &amp; Claudine JUPTNER</p>
<p>[/et_pb_text][/et_pb_column][et_pb_column type= »1_4&Prime; _builder_version= »4.23&Prime; _module_preset= »default » global_colors_info= »{} »][et_pb_divider show_divider= »off » _builder_version= »4.24.0&Prime; _module_preset= »default » global_colors_info= »{} »][/et_pb_divider][et_pb_text _builder_version= »4.27.4&Prime; _module_preset= »default » global_colors_info= »{} »]</p>
<div id="all">
<div id="back">
<div id="contentarea">
<div id="wrapper2">
<div id="main" role="main">
<div class="item-page">
<h3>Lieu, date et tarif</h3>
<p><strong>Lieu</strong> : 13 rue Curie, 69006 LYON<br />12 heures sur un WE<br />9h-12h puis 14h-17h (repas libre)</p>
<p><strong>Dates 2026</strong> : 10 &amp; 11 octobre </p>
<p><strong>Tarif</strong> : 650 €</p>
<p>&nbsp;</p>
<p>Pour vous inscrire, vous trouverez le bulletin d&rsquo;inscription en première page de l&rsquo;institut de formation.</p>
</div>
</div>
</div>
</div>
</div>
</div>
<p>[/et_pb_text][/et_pb_column][/et_pb_row][/et_pb_section]</p>

<p>Interventions en Institution Initiation à l&rsquo;animation de groupes thérapeutiques d&rsquo;enfants Le travail thérapeutique en groupe replacé dans son contexte institutionnel Réflexion sur les phénomènes institutionnels Stages personnels L&rsquo;action thérapeutique en groupe Psychothérapies de groupes et psychodrames d&rsquo;enfants Psychothérapies de groupe à l&rsquo;adolescence Groupe et troubles du comportement Médiations et groupes thérapeutiques Psychodrame et travail sur [&hellip;]</p>
